{"id":647,"date":"2026-03-14T18:17:21","date_gmt":"2026-03-14T17:17:21","guid":{"rendered":"https:\/\/la-vipere-rose.art\/?page_id=647"},"modified":"2026-03-14T18:23:04","modified_gmt":"2026-03-14T17:23:04","slug":"camille-violence","status":"publish","type":"page","link":"https:\/\/la-vipere-rose.art\/?page_id=647","title":{"rendered":"Camille Violence"},"content":{"rendered":"<div class=\"wp-block-image is-style-rounded\">\n<figure class=\"aligncenter size-large is-resized\"><img loading=\"lazy\" decoding=\"async\" width=\"576\" height=\"1024\" src=\"https:\/\/la-vipere-rose.art\/wp-content\/uploads\/2026\/03\/IMG_20231214_180543_326-576x1024.jpg\" alt=\"\" class=\"wp-image-648\" style=\"aspect-ratio:0.5625027813626452;width:275px;height:auto\" srcset=\"https:\/\/la-vipere-rose.art\/wp-content\/uploads\/2026\/03\/IMG_20231214_180543_326-576x1024.jpg 576w, https:\/\/la-vipere-rose.art\/wp-content\/uploads\/2026\/03\/IMG_20231214_180543_326-169x300.jpg 169w, https:\/\/la-vipere-rose.art\/wp-content\/uploads\/2026\/03\/IMG_20231214_180543_326-768x1365.jpg 768w, https:\/\/la-vipere-rose.art\/wp-content\/uploads\/2026\/03\/IMG_20231214_180543_326-864x1536.jpg 864w, https:\/\/la-vipere-rose.art\/wp-content\/uploads\/2026\/03\/IMG_20231214_180543_326-508x903.jpg 508w, https:\/\/la-vipere-rose.art\/wp-content\/uploads\/2026\/03\/IMG_20231214_180543_326.jpg 1080w\" sizes=\"auto, (max-width: 576px) 100vw, 576px\" \/><\/figure>\n<\/div>\n\n\n<p class=\"has-text-align-center\">Hello, moi c&rsquo;est Camille et j&rsquo;ai jamais vraiment \u00e9t\u00e9 constant.e dans ma vie. Peut-\u00eatre, mise \u00e0 part dans le fait de dessiner. \u00c7a je l&rsquo;ai toujours fait, d&rsquo;abord en peinture et sur papier, en mouvement et anim\u00e9 par la suite, projet\u00e9 sur des murs et dans votre peau maintenant.<\/p>\n\n\n\n<p class=\"has-text-align-center\">Je crois que mon style pourrait \u00eatre d\u00e9fini pragmatiquement comme floral, crayonn\u00e9 et color\u00e9.<\/p>\n\n\n\n<figure class=\"wp-block-gallery has-nested-images columns-default is-cropped wp-block-gallery-1 is-layout-flex wp-block-gallery-is-layout-flex\">\n<figure class=\"wp-block-image size-large\"><img loading=\"lazy\" decoding=\"async\" width=\"768\" height=\"1024\" data-id=\"649\" src=\"https:\/\/la-vipere-rose.art\/wp-content\/uploads\/2026\/03\/1000036146-768x1024.jpg\" alt=\"\" class=\"wp-image-649\" srcset=\"https:\/\/la-vipere-rose.art\/wp-content\/uploads\/2026\/03\/1000036146-768x1024.jpg 768w, https:\/\/la-vipere-rose.art\/wp-content\/uploads\/2026\/03\/1000036146-225x300.jpg 225w, https:\/\/la-vipere-rose.art\/wp-content\/uploads\/2026\/03\/1000036146-1152x1536.jpg 1152w, https:\/\/la-vipere-rose.art\/wp-content\/uploads\/2026\/03\/1000036146-1536x2048.jpg 1536w, https:\/\/la-vipere-rose.art\/wp-content\/uploads\/2026\/03\/1000036146-1240x1653.jpg 1240w, https:\/\/la-vipere-rose.art\/wp-content\/uploads\/2026\/03\/1000036146-508x677.jpg 508w, https:\/\/la-vipere-rose.art\/wp-content\/uploads\/2026\/03\/1000036146-scaled.jpg 1920w\" sizes=\"auto, (max-width: 768px) 100vw, 768px\" \/><\/figure>\n\n\n\n<figure class=\"wp-block-image size-large\"><img loading=\"lazy\" decoding=\"async\" width=\"768\" height=\"1024\" data-id=\"650\" src=\"https:\/\/la-vipere-rose.art\/wp-content\/uploads\/2026\/03\/1000036143-768x1024.jpg\" alt=\"\" class=\"wp-image-650\" srcset=\"https:\/\/la-vipere-rose.art\/wp-content\/uploads\/2026\/03\/1000036143-768x1024.jpg 768w, https:\/\/la-vipere-rose.art\/wp-content\/uploads\/2026\/03\/1000036143-225x300.jpg 225w, https:\/\/la-vipere-rose.art\/wp-content\/uploads\/2026\/03\/1000036143-1152x1536.jpg 1152w, https:\/\/la-vipere-rose.art\/wp-content\/uploads\/2026\/03\/1000036143-1536x2048.jpg 1536w, https:\/\/la-vipere-rose.art\/wp-content\/uploads\/2026\/03\/1000036143-1240x1653.jpg 1240w, https:\/\/la-vipere-rose.art\/wp-content\/uploads\/2026\/03\/1000036143-508x677.jpg 508w, https:\/\/la-vipere-rose.art\/wp-content\/uploads\/2026\/03\/1000036143-scaled.jpg 1920w\" sizes=\"auto, (max-width: 768px) 100vw, 768px\" \/><\/figure>\n\n\n\n<figure class=\"wp-block-image size-large\"><img loading=\"lazy\" decoding=\"async\" width=\"768\" height=\"1024\" data-id=\"652\" src=\"https:\/\/la-vipere-rose.art\/wp-content\/uploads\/2026\/03\/1000036087-1-768x1024.jpg\" alt=\"\" class=\"wp-image-652\" srcset=\"https:\/\/la-vipere-rose.art\/wp-content\/uploads\/2026\/03\/1000036087-1-768x1024.jpg 768w, https:\/\/la-vipere-rose.art\/wp-content\/uploads\/2026\/03\/1000036087-1-225x300.jpg 225w, https:\/\/la-vipere-rose.art\/wp-content\/uploads\/2026\/03\/1000036087-1-1152x1536.jpg 1152w, https:\/\/la-vipere-rose.art\/wp-content\/uploads\/2026\/03\/1000036087-1-1536x2048.jpg 1536w, https:\/\/la-vipere-rose.art\/wp-content\/uploads\/2026\/03\/1000036087-1-1240x1653.jpg 1240w, https:\/\/la-vipere-rose.art\/wp-content\/uploads\/2026\/03\/1000036087-1-508x677.jpg 508w, https:\/\/la-vipere-rose.art\/wp-content\/uploads\/2026\/03\/1000036087-1-scaled.jpg 1920w\" sizes=\"auto, (max-width: 768px) 100vw, 768px\" \/><\/figure>\n<\/figure>\n\n\n\n<p class=\"has-text-align-center\">Apr\u00e8s des \u00e9tudes de cin\u00e9ma documentaire en Belgique, j&rsquo;ai d&rsquo;abord travaill\u00e9 dans l&rsquo;animation 2D en cr\u00e9ant des d\u00e9cors et des personnages en mouvement. En parall\u00e8le, je donnais des cours de conception d&rsquo;espace virtuel \u00e0 l&rsquo;\u00e9cole des beaux-arts de Lyon.<\/p>\n\n\n\n<figure class=\"wp-block-gallery has-nested-images columns-default is-cropped wp-block-gallery-2 is-layout-flex wp-block-gallery-is-layout-flex\">\n<figure class=\"wp-block-image size-large\"><img loading=\"lazy\" decoding=\"async\" width=\"1024\" height=\"1024\" data-id=\"653\" src=\"https:\/\/la-vipere-rose.art\/wp-content\/uploads\/2026\/03\/184394774_4265278316844980_4037965471032425863_n-1024x1024.jpg\" alt=\"\" class=\"wp-image-653\" srcset=\"https:\/\/la-vipere-rose.art\/wp-content\/uploads\/2026\/03\/184394774_4265278316844980_4037965471032425863_n-1024x1024.jpg 1024w, https:\/\/la-vipere-rose.art\/wp-content\/uploads\/2026\/03\/184394774_4265278316844980_4037965471032425863_n-300x300.jpg 300w, https:\/\/la-vipere-rose.art\/wp-content\/uploads\/2026\/03\/184394774_4265278316844980_4037965471032425863_n-150x150.jpg 150w, https:\/\/la-vipere-rose.art\/wp-content\/uploads\/2026\/03\/184394774_4265278316844980_4037965471032425863_n-768x768.jpg 768w, https:\/\/la-vipere-rose.art\/wp-content\/uploads\/2026\/03\/184394774_4265278316844980_4037965471032425863_n-1240x1240.jpg 1240w, https:\/\/la-vipere-rose.art\/wp-content\/uploads\/2026\/03\/184394774_4265278316844980_4037965471032425863_n-508x508.jpg 508w, https:\/\/la-vipere-rose.art\/wp-content\/uploads\/2026\/03\/184394774_4265278316844980_4037965471032425863_n.jpg 1440w\" sizes=\"auto, (max-width: 1024px) 100vw, 1024px\" \/><\/figure>\n\n\n\n<figure class=\"wp-block-image size-large\"><img loading=\"lazy\" decoding=\"async\" width=\"1024\" height=\"1024\" data-id=\"654\" src=\"https:\/\/la-vipere-rose.art\/wp-content\/uploads\/2026\/03\/649209260_18086259512231543_7611876020599992589_n-1024x1024.jpg\" alt=\"\" class=\"wp-image-654\" srcset=\"https:\/\/la-vipere-rose.art\/wp-content\/uploads\/2026\/03\/649209260_18086259512231543_7611876020599992589_n-1024x1024.jpg 1024w, https:\/\/la-vipere-rose.art\/wp-content\/uploads\/2026\/03\/649209260_18086259512231543_7611876020599992589_n-300x300.jpg 300w, https:\/\/la-vipere-rose.art\/wp-content\/uploads\/2026\/03\/649209260_18086259512231543_7611876020599992589_n-150x150.jpg 150w, https:\/\/la-vipere-rose.art\/wp-content\/uploads\/2026\/03\/649209260_18086259512231543_7611876020599992589_n-768x768.jpg 768w, https:\/\/la-vipere-rose.art\/wp-content\/uploads\/2026\/03\/649209260_18086259512231543_7611876020599992589_n-508x508.jpg 508w, https:\/\/la-vipere-rose.art\/wp-content\/uploads\/2026\/03\/649209260_18086259512231543_7611876020599992589_n.jpg 1210w\" sizes=\"auto, (max-width: 1024px) 100vw, 1024px\" \/><\/figure>\n<\/figure>\n\n\n\n<p class=\"has-text-align-center\">Puis un soir en rentrant d&rsquo;un concert de post punk avec mon amoureux, il m&rsquo;a propos\u00e9 l&rsquo;id\u00e9e un peu folle de le tatouer. Le probl\u00e8me, qui n&rsquo;en est pas vraiment un, c&rsquo;est que ce fut une r\u00e9v\u00e9lation et que cela cristallisa en moi ce pourquoi j&rsquo;avais toujours dessin\u00e9.<\/p>\n\n\n\n<p class=\"has-text-align-center\">L\u00e9g\u00e8rement hypersensible et obsessionel.le, le mois suivant, j&rsquo;avais d\u00e9j\u00e0 tatou\u00e9 une centaine de personnes et je le fais maintenant depuis 8 ans gr\u00e2ce \u00e0 votre confiance.<\/p>\n\n\n\n<figure class=\"wp-block-gallery has-nested-images columns-default is-cropped wp-block-gallery-3 is-layout-flex wp-block-gallery-is-layout-flex\">\n<figure class=\"wp-block-image size-large\"><img loading=\"lazy\" decoding=\"async\" width=\"1024\" height=\"1024\" data-id=\"662\" src=\"https:\/\/la-vipere-rose.art\/wp-content\/uploads\/2026\/03\/127987481_707320363238899_1092701661650491957_n-1-1024x1024.jpg\" alt=\"\" class=\"wp-image-662\" srcset=\"https:\/\/la-vipere-rose.art\/wp-content\/uploads\/2026\/03\/127987481_707320363238899_1092701661650491957_n-1-1024x1024.jpg 1024w, https:\/\/la-vipere-rose.art\/wp-content\/uploads\/2026\/03\/127987481_707320363238899_1092701661650491957_n-1-300x300.jpg 300w, https:\/\/la-vipere-rose.art\/wp-content\/uploads\/2026\/03\/127987481_707320363238899_1092701661650491957_n-1-150x150.jpg 150w, https:\/\/la-vipere-rose.art\/wp-content\/uploads\/2026\/03\/127987481_707320363238899_1092701661650491957_n-1-768x768.jpg 768w, https:\/\/la-vipere-rose.art\/wp-content\/uploads\/2026\/03\/127987481_707320363238899_1092701661650491957_n-1-1240x1240.jpg 1240w, https:\/\/la-vipere-rose.art\/wp-content\/uploads\/2026\/03\/127987481_707320363238899_1092701661650491957_n-1-508x508.jpg 508w, https:\/\/la-vipere-rose.art\/wp-content\/uploads\/2026\/03\/127987481_707320363238899_1092701661650491957_n-1.jpg 1440w\" sizes=\"auto, (max-width: 1024px) 100vw, 1024px\" \/><\/figure>\n\n\n\n<figure class=\"wp-block-image size-large\"><img loading=\"lazy\" decoding=\"async\" width=\"1024\" height=\"1024\" data-id=\"663\" src=\"https:\/\/la-vipere-rose.art\/wp-content\/uploads\/2026\/03\/IMG_20230620_101043_130-2-1024x1024.jpg\" alt=\"\" class=\"wp-image-663\" srcset=\"https:\/\/la-vipere-rose.art\/wp-content\/uploads\/2026\/03\/IMG_20230620_101043_130-2-1024x1024.jpg 1024w, https:\/\/la-vipere-rose.art\/wp-content\/uploads\/2026\/03\/IMG_20230620_101043_130-2-300x300.jpg 300w, https:\/\/la-vipere-rose.art\/wp-content\/uploads\/2026\/03\/IMG_20230620_101043_130-2-150x150.jpg 150w, https:\/\/la-vipere-rose.art\/wp-content\/uploads\/2026\/03\/IMG_20230620_101043_130-2-768x768.jpg 768w, https:\/\/la-vipere-rose.art\/wp-content\/uploads\/2026\/03\/IMG_20230620_101043_130-2-1240x1240.jpg 1240w, https:\/\/la-vipere-rose.art\/wp-content\/uploads\/2026\/03\/IMG_20230620_101043_130-2-508x508.jpg 508w, https:\/\/la-vipere-rose.art\/wp-content\/uploads\/2026\/03\/IMG_20230620_101043_130-2.jpg 1440w\" sizes=\"auto, (max-width: 1024px) 100vw, 1024px\" \/><\/figure>\n<\/figure>\n\n\n\n<p class=\"has-text-align-center\">Mes r\u00e9f\u00e9rences artistiques sont hyper obscures et toutes en int\u00e9r\u00eat sp\u00e9cifique mais je pense pouvoir dire qu&rsquo;elles viennent pour la plupart de films exp\u00e9rimentaux vus, g\u00e9n\u00e9ralement, par 15 personnes dans des endroits de fortune.<\/p>\n\n\n\n<p class=\"has-text-align-center\">Camille Violence, c\u2019est fleuri, artisanal et sinc\u00e8re. Des tattoos qui font du bien, \u00e0 porter comme un sourire, une armure ou un secret.<\/p>\n\n\n<div class=\"wp-block-image is-style-default\">\n<figure class=\"aligncenter size-large is-resized\"><img loading=\"lazy\" decoding=\"async\" width=\"1024\" height=\"1024\" src=\"https:\/\/la-vipere-rose.art\/wp-content\/uploads\/2026\/03\/148580192_936987933737224_2657354503592414627_n-1024x1024.jpg\" alt=\"\" class=\"wp-image-656\" style=\"width:462px;height:auto\" srcset=\"https:\/\/la-vipere-rose.art\/wp-content\/uploads\/2026\/03\/148580192_936987933737224_2657354503592414627_n-1024x1024.jpg 1024w, https:\/\/la-vipere-rose.art\/wp-content\/uploads\/2026\/03\/148580192_936987933737224_2657354503592414627_n-300x300.jpg 300w, https:\/\/la-vipere-rose.art\/wp-content\/uploads\/2026\/03\/148580192_936987933737224_2657354503592414627_n-150x150.jpg 150w, https:\/\/la-vipere-rose.art\/wp-content\/uploads\/2026\/03\/148580192_936987933737224_2657354503592414627_n-768x768.jpg 768w, https:\/\/la-vipere-rose.art\/wp-content\/uploads\/2026\/03\/148580192_936987933737224_2657354503592414627_n-1240x1240.jpg 1240w, https:\/\/la-vipere-rose.art\/wp-content\/uploads\/2026\/03\/148580192_936987933737224_2657354503592414627_n-508x508.jpg 508w, https:\/\/la-vipere-rose.art\/wp-content\/uploads\/2026\/03\/148580192_936987933737224_2657354503592414627_n.jpg 1440w\" sizes=\"auto, (max-width: 1024px) 100vw, 1024px\" \/><\/figure>\n<\/div>","protected":false},"excerpt":{"rendered":"<p>Hello, moi c&rsquo;est Camille et j&rsquo;ai jamais vraiment \u00e9t\u00e9 constant.e dans ma vie. Peut-\u00eatre, mise \u00e0 part dans le fait de dessiner. \u00c7a je l&rsquo;ai toujours fait, d&rsquo;abord en peinture et sur papier, en mouvement et anim\u00e9 par la suite, projet\u00e9 sur des murs et dans votre peau maintenant. Je crois que mon style pourrait [&hellip;]<\/p>\n","protected":false},"author":2,"featured_media":0,"parent":2,"menu_order":9,"comment_status":"closed","ping_status":"closed","template":"","meta":{"footnotes":""},"class_list":["post-647","page","type-page","status-publish","hentry"],"_links":{"self":[{"href":"https:\/\/la-vipere-rose.art\/index.php?rest_route=\/wp\/v2\/pages\/647","targetHints":{"allow":["GET"]}}],"collection":[{"href":"https:\/\/la-vipere-rose.art\/index.php?rest_route=\/wp\/v2\/pages"}],"about":[{"href":"https:\/\/la-vipere-rose.art\/index.php?rest_route=\/wp\/v2\/types\/page"}],"author":[{"embeddable":true,"href":"https:\/\/la-vipere-rose.art\/index.php?rest_route=\/wp\/v2\/users\/2"}],"replies":[{"embeddable":true,"href":"https:\/\/la-vipere-rose.art\/index.php?rest_route=%2Fwp%2Fv2%2Fcomments&post=647"}],"version-history":[{"count":3,"href":"https:\/\/la-vipere-rose.art\/index.php?rest_route=\/wp\/v2\/pages\/647\/revisions"}],"predecessor-version":[{"id":664,"href":"https:\/\/la-vipere-rose.art\/index.php?rest_route=\/wp\/v2\/pages\/647\/revisions\/664"}],"up":[{"embeddable":true,"href":"https:\/\/la-vipere-rose.art\/index.php?rest_route=\/wp\/v2\/pages\/2"}],"wp:attachment":[{"href":"https:\/\/la-vipere-rose.art\/index.php?rest_route=%2Fwp%2Fv2%2Fmedia&parent=647"}],"curies":[{"name":"wp","href":"https:\/\/api.w.org\/{rel}","templated":true}]}}