{"id":60,"date":"2024-02-20T11:37:03","date_gmt":"2024-02-20T10:37:03","guid":{"rendered":"https:\/\/la-vipere-rose.art\/?page_id=60"},"modified":"2025-08-09T18:48:57","modified_gmt":"2025-08-09T16:48:57","slug":"semper-eadem","status":"publish","type":"page","link":"https:\/\/la-vipere-rose.art\/?page_id=60","title":{"rendered":"Semper Eadem"},"content":{"rendered":"<div class=\"wp-block-image is-style-default\">\n<figure data-wp-context=\"{&quot;imageId&quot;:&quot;69f5b36b331df&quot;}\" data-wp-interactive=\"core\/image\" data-wp-key=\"69f5b36b331df\" class=\"aligncenter size-full is-resized wp-lightbox-container\"><img loading=\"lazy\" decoding=\"async\" width=\"828\" height=\"1022\" data-wp-class--hide=\"state.isContentHidden\" data-wp-class--show=\"state.isContentVisible\" data-wp-init=\"callbacks.setButtonStyles\" data-wp-on--click=\"actions.showLightbox\" data-wp-on--load=\"callbacks.setButtonStyles\" data-wp-on-window--resize=\"callbacks.setButtonStyles\" src=\"https:\/\/la-vipere-rose.art\/wp-content\/uploads\/2024\/03\/11DD4EBA-48B8-4CD5-8B5E-00D97E86A3BA.jpeg\" alt=\"\" class=\"wp-image-265\" style=\"width:290px;height:auto\" srcset=\"https:\/\/la-vipere-rose.art\/wp-content\/uploads\/2024\/03\/11DD4EBA-48B8-4CD5-8B5E-00D97E86A3BA.jpeg 828w, https:\/\/la-vipere-rose.art\/wp-content\/uploads\/2024\/03\/11DD4EBA-48B8-4CD5-8B5E-00D97E86A3BA-243x300.jpeg 243w, https:\/\/la-vipere-rose.art\/wp-content\/uploads\/2024\/03\/11DD4EBA-48B8-4CD5-8B5E-00D97E86A3BA-768x948.jpeg 768w\" sizes=\"auto, (max-width: 828px) 100vw, 828px\" \/><button\n\t\t\tclass=\"lightbox-trigger\"\n\t\t\ttype=\"button\"\n\t\t\taria-haspopup=\"dialog\"\n\t\t\taria-label=\"Agrandir\"\n\t\t\tdata-wp-init=\"callbacks.initTriggerButton\"\n\t\t\tdata-wp-on--click=\"actions.showLightbox\"\n\t\t\tdata-wp-style--right=\"state.imageButtonRight\"\n\t\t\tdata-wp-style--top=\"state.imageButtonTop\"\n\t\t>\n\t\t\t<svg xmlns=\"http:\/\/www.w3.org\/2000\/svg\" width=\"12\" height=\"12\" fill=\"none\" viewBox=\"0 0 12 12\">\n\t\t\t\t<path fill=\"#fff\" d=\"M2 0a2 2 0 0 0-2 2v2h1.5V2a.5.5 0 0 1 .5-.5h2V0H2Zm2 10.5H2a.5.5 0 0 1-.5-.5V8H0v2a2 2 0 0 0 2 2h2v-1.5ZM8 12v-1.5h2a.5.5 0 0 0 .5-.5V8H12v2a2 2 0 0 1-2 2H8Zm2-12a2 2 0 0 1 2 2v2h-1.5V2a.5.5 0 0 0-.5-.5H8V0h2Z\" \/>\n\t\t\t<\/svg>\n\t\t<\/button><\/figure>\n<\/div>\n\n\n<p class=\"has-text-align-center has-black-color has-text-color has-link-color wp-elements-141ead81a4c5fe9c34e199a7a1e17005\">Hello, moi c&rsquo;est Camilia et je suis tatoueuse depuis 2021 sp\u00e9cialis\u00e9e dans la ligne fine et les aplats de noir et de couleurs.<br><br>Depuis mon jeune \u00e2ge je suis berc\u00e9e par les arts, mes parents m&rsquo;inscrivent \u00e0 l&rsquo;\u00e9cole des beaux-arts \u00e0 8 ans. Malgr\u00e9 mes passions \u00e9videntes, je choisis un chemin diff\u00e9rent, explorant les langues et la p\u00e9dagogie. Je m&rsquo;oriente vers l&rsquo;anglais, le japonais et entreprends un master pour devenir professeure des \u00e9coles. C&rsquo;est alors que je fais la rencontre de Na\u00efma, aka Lepetiroi, qui me pousse \u00e0 r\u00e9aliser mes r\u00eaves et \u00e0 me lancer dans le tatouage. Depuis, je jongle entre ma passion grandissante pour le tatouage et mon travail de directrice de centre d&rsquo;accueil.<\/p>\n\n\n\n<figure class=\"wp-block-gallery has-nested-images columns-default is-cropped wp-block-gallery-1 is-layout-flex wp-block-gallery-is-layout-flex\">\n<figure data-wp-context=\"{&quot;imageId&quot;:&quot;69f5b36b339f9&quot;}\" data-wp-interactive=\"core\/image\" data-wp-key=\"69f5b36b339f9\" class=\"wp-block-image size-large wp-lightbox-container\"><img loading=\"lazy\" decoding=\"async\" width=\"1024\" height=\"1024\" data-wp-class--hide=\"state.isContentHidden\" data-wp-class--show=\"state.isContentVisible\" data-wp-init=\"callbacks.setButtonStyles\" data-wp-on--click=\"actions.showLightbox\" data-wp-on--load=\"callbacks.setButtonStyles\" data-wp-on-window--resize=\"callbacks.setButtonStyles\" data-id=\"267\" src=\"https:\/\/la-vipere-rose.art\/wp-content\/uploads\/2024\/03\/EC41DB8B-02EB-453F-A802-2B7144D581A4-1024x1024.jpeg\" alt=\"\" class=\"wp-image-267\" srcset=\"https:\/\/la-vipere-rose.art\/wp-content\/uploads\/2024\/03\/EC41DB8B-02EB-453F-A802-2B7144D581A4-1024x1024.jpeg 1024w, https:\/\/la-vipere-rose.art\/wp-content\/uploads\/2024\/03\/EC41DB8B-02EB-453F-A802-2B7144D581A4-300x300.jpeg 300w, https:\/\/la-vipere-rose.art\/wp-content\/uploads\/2024\/03\/EC41DB8B-02EB-453F-A802-2B7144D581A4-150x150.jpeg 150w, https:\/\/la-vipere-rose.art\/wp-content\/uploads\/2024\/03\/EC41DB8B-02EB-453F-A802-2B7144D581A4-768x768.jpeg 768w, https:\/\/la-vipere-rose.art\/wp-content\/uploads\/2024\/03\/EC41DB8B-02EB-453F-A802-2B7144D581A4-1536x1536.jpeg 1536w, https:\/\/la-vipere-rose.art\/wp-content\/uploads\/2024\/03\/EC41DB8B-02EB-453F-A802-2B7144D581A4-100x100.jpeg 100w, https:\/\/la-vipere-rose.art\/wp-content\/uploads\/2024\/03\/EC41DB8B-02EB-453F-A802-2B7144D581A4.jpeg 1914w\" sizes=\"auto, (max-width: 1024px) 100vw, 1024px\" \/><button\n\t\t\tclass=\"lightbox-trigger\"\n\t\t\ttype=\"button\"\n\t\t\taria-haspopup=\"dialog\"\n\t\t\taria-label=\"Agrandir\"\n\t\t\tdata-wp-init=\"callbacks.initTriggerButton\"\n\t\t\tdata-wp-on--click=\"actions.showLightbox\"\n\t\t\tdata-wp-style--right=\"state.imageButtonRight\"\n\t\t\tdata-wp-style--top=\"state.imageButtonTop\"\n\t\t>\n\t\t\t<svg xmlns=\"http:\/\/www.w3.org\/2000\/svg\" width=\"12\" height=\"12\" fill=\"none\" viewBox=\"0 0 12 12\">\n\t\t\t\t<path fill=\"#fff\" d=\"M2 0a2 2 0 0 0-2 2v2h1.5V2a.5.5 0 0 1 .5-.5h2V0H2Zm2 10.5H2a.5.5 0 0 1-.5-.5V8H0v2a2 2 0 0 0 2 2h2v-1.5ZM8 12v-1.5h2a.5.5 0 0 0 .5-.5V8H12v2a2 2 0 0 1-2 2H8Zm2-12a2 2 0 0 1 2 2v2h-1.5V2a.5.5 0 0 0-.5-.5H8V0h2Z\" \/>\n\t\t\t<\/svg>\n\t\t<\/button><\/figure>\n\n\n\n<figure data-wp-context=\"{&quot;imageId&quot;:&quot;69f5b36b33fbe&quot;}\" data-wp-interactive=\"core\/image\" data-wp-key=\"69f5b36b33fbe\" class=\"wp-block-image size-large wp-lightbox-container\"><img loading=\"lazy\" decoding=\"async\" width=\"1024\" height=\"1024\" data-wp-class--hide=\"state.isContentHidden\" data-wp-class--show=\"state.isContentVisible\" data-wp-init=\"callbacks.setButtonStyles\" data-wp-on--click=\"actions.showLightbox\" data-wp-on--load=\"callbacks.setButtonStyles\" data-wp-on-window--resize=\"callbacks.setButtonStyles\" data-id=\"268\" src=\"https:\/\/la-vipere-rose.art\/wp-content\/uploads\/2024\/03\/A7C7CA34-5395-4D48-8C70-B7BC2A4F2EB4-1024x1024.jpeg\" alt=\"\" class=\"wp-image-268\" srcset=\"https:\/\/la-vipere-rose.art\/wp-content\/uploads\/2024\/03\/A7C7CA34-5395-4D48-8C70-B7BC2A4F2EB4-1024x1024.jpeg 1024w, https:\/\/la-vipere-rose.art\/wp-content\/uploads\/2024\/03\/A7C7CA34-5395-4D48-8C70-B7BC2A4F2EB4-300x300.jpeg 300w, https:\/\/la-vipere-rose.art\/wp-content\/uploads\/2024\/03\/A7C7CA34-5395-4D48-8C70-B7BC2A4F2EB4-150x150.jpeg 150w, https:\/\/la-vipere-rose.art\/wp-content\/uploads\/2024\/03\/A7C7CA34-5395-4D48-8C70-B7BC2A4F2EB4-768x768.jpeg 768w, https:\/\/la-vipere-rose.art\/wp-content\/uploads\/2024\/03\/A7C7CA34-5395-4D48-8C70-B7BC2A4F2EB4-1536x1536.jpeg 1536w, https:\/\/la-vipere-rose.art\/wp-content\/uploads\/2024\/03\/A7C7CA34-5395-4D48-8C70-B7BC2A4F2EB4-100x100.jpeg 100w, https:\/\/la-vipere-rose.art\/wp-content\/uploads\/2024\/03\/A7C7CA34-5395-4D48-8C70-B7BC2A4F2EB4.jpeg 2048w\" sizes=\"auto, (max-width: 1024px) 100vw, 1024px\" \/><button\n\t\t\tclass=\"lightbox-trigger\"\n\t\t\ttype=\"button\"\n\t\t\taria-haspopup=\"dialog\"\n\t\t\taria-label=\"Agrandir\"\n\t\t\tdata-wp-init=\"callbacks.initTriggerButton\"\n\t\t\tdata-wp-on--click=\"actions.showLightbox\"\n\t\t\tdata-wp-style--right=\"state.imageButtonRight\"\n\t\t\tdata-wp-style--top=\"state.imageButtonTop\"\n\t\t>\n\t\t\t<svg xmlns=\"http:\/\/www.w3.org\/2000\/svg\" width=\"12\" height=\"12\" fill=\"none\" viewBox=\"0 0 12 12\">\n\t\t\t\t<path fill=\"#fff\" d=\"M2 0a2 2 0 0 0-2 2v2h1.5V2a.5.5 0 0 1 .5-.5h2V0H2Zm2 10.5H2a.5.5 0 0 1-.5-.5V8H0v2a2 2 0 0 0 2 2h2v-1.5ZM8 12v-1.5h2a.5.5 0 0 0 .5-.5V8H12v2a2 2 0 0 1-2 2H8Zm2-12a2 2 0 0 1 2 2v2h-1.5V2a.5.5 0 0 0-.5-.5H8V0h2Z\" \/>\n\t\t\t<\/svg>\n\t\t<\/button><\/figure>\n\n\n\n<figure data-wp-context=\"{&quot;imageId&quot;:&quot;69f5b36b345b1&quot;}\" data-wp-interactive=\"core\/image\" data-wp-key=\"69f5b36b345b1\" class=\"wp-block-image size-large wp-lightbox-container\"><img loading=\"lazy\" decoding=\"async\" width=\"1024\" height=\"1024\" data-wp-class--hide=\"state.isContentHidden\" data-wp-class--show=\"state.isContentVisible\" data-wp-init=\"callbacks.setButtonStyles\" data-wp-on--click=\"actions.showLightbox\" data-wp-on--load=\"callbacks.setButtonStyles\" data-wp-on-window--resize=\"callbacks.setButtonStyles\" data-id=\"269\" src=\"https:\/\/la-vipere-rose.art\/wp-content\/uploads\/2024\/03\/B6C419B3-2B39-4D6D-A37B-6E9EAB977D3E-1024x1024.jpeg\" alt=\"\" class=\"wp-image-269\" srcset=\"https:\/\/la-vipere-rose.art\/wp-content\/uploads\/2024\/03\/B6C419B3-2B39-4D6D-A37B-6E9EAB977D3E-1024x1024.jpeg 1024w, https:\/\/la-vipere-rose.art\/wp-content\/uploads\/2024\/03\/B6C419B3-2B39-4D6D-A37B-6E9EAB977D3E-300x300.jpeg 300w, https:\/\/la-vipere-rose.art\/wp-content\/uploads\/2024\/03\/B6C419B3-2B39-4D6D-A37B-6E9EAB977D3E-150x150.jpeg 150w, https:\/\/la-vipere-rose.art\/wp-content\/uploads\/2024\/03\/B6C419B3-2B39-4D6D-A37B-6E9EAB977D3E-768x768.jpeg 768w, https:\/\/la-vipere-rose.art\/wp-content\/uploads\/2024\/03\/B6C419B3-2B39-4D6D-A37B-6E9EAB977D3E-1536x1536.jpeg 1536w, https:\/\/la-vipere-rose.art\/wp-content\/uploads\/2024\/03\/B6C419B3-2B39-4D6D-A37B-6E9EAB977D3E-100x100.jpeg 100w, https:\/\/la-vipere-rose.art\/wp-content\/uploads\/2024\/03\/B6C419B3-2B39-4D6D-A37B-6E9EAB977D3E.jpeg 2048w\" sizes=\"auto, (max-width: 1024px) 100vw, 1024px\" \/><button\n\t\t\tclass=\"lightbox-trigger\"\n\t\t\ttype=\"button\"\n\t\t\taria-haspopup=\"dialog\"\n\t\t\taria-label=\"Agrandir\"\n\t\t\tdata-wp-init=\"callbacks.initTriggerButton\"\n\t\t\tdata-wp-on--click=\"actions.showLightbox\"\n\t\t\tdata-wp-style--right=\"state.imageButtonRight\"\n\t\t\tdata-wp-style--top=\"state.imageButtonTop\"\n\t\t>\n\t\t\t<svg xmlns=\"http:\/\/www.w3.org\/2000\/svg\" width=\"12\" height=\"12\" fill=\"none\" viewBox=\"0 0 12 12\">\n\t\t\t\t<path fill=\"#fff\" d=\"M2 0a2 2 0 0 0-2 2v2h1.5V2a.5.5 0 0 1 .5-.5h2V0H2Zm2 10.5H2a.5.5 0 0 1-.5-.5V8H0v2a2 2 0 0 0 2 2h2v-1.5ZM8 12v-1.5h2a.5.5 0 0 0 .5-.5V8H12v2a2 2 0 0 1-2 2H8Zm2-12a2 2 0 0 1 2 2v2h-1.5V2a.5.5 0 0 0-.5-.5H8V0h2Z\" \/>\n\t\t\t<\/svg>\n\t\t<\/button><\/figure>\n<\/figure>\n\n\n\n<p class=\"has-text-align-center has-black-color has-text-color has-link-color wp-elements-fc947d05fcb05c17a8c362a0b7802ae0\"><br>Arborant le nom d&rsquo;artiste Semper Eadem, un hommage \u00e0 un po\u00e8me de Baudelaire qui r\u00e9sonne profond\u00e9ment en moi, je puise mon inspiration dans les myst\u00e8res du corps f\u00e9minin, dans la d\u00e9licatesse des plantes et dans la gr\u00e2ce des \u00e9critures arabes. <br>Franco-alg\u00e9rienne, je fusionne ma double culture qui a fa\u00e7onn\u00e9 mon identit\u00e9, cr\u00e9ant ainsi une symbiose entres mes racines et mon expression artistique.<\/p>\n\n\n\n<figure class=\"wp-block-gallery has-nested-images columns-default is-cropped wp-block-gallery-2 is-layout-flex wp-block-gallery-is-layout-flex\">\n<figure data-wp-context=\"{&quot;imageId&quot;:&quot;69f5b36b350cb&quot;}\" data-wp-interactive=\"core\/image\" data-wp-key=\"69f5b36b350cb\" class=\"wp-block-image size-large wp-lightbox-container\"><img loading=\"lazy\" decoding=\"async\" width=\"1024\" height=\"1024\" data-wp-class--hide=\"state.isContentHidden\" data-wp-class--show=\"state.isContentVisible\" data-wp-init=\"callbacks.setButtonStyles\" data-wp-on--click=\"actions.showLightbox\" data-wp-on--load=\"callbacks.setButtonStyles\" data-wp-on-window--resize=\"callbacks.setButtonStyles\" data-id=\"270\" src=\"https:\/\/la-vipere-rose.art\/wp-content\/uploads\/2024\/03\/0F665198-3EAE-40B2-BB5B-15A6842FE92C-1024x1024.jpeg\" alt=\"\" class=\"wp-image-270\" srcset=\"https:\/\/la-vipere-rose.art\/wp-content\/uploads\/2024\/03\/0F665198-3EAE-40B2-BB5B-15A6842FE92C-1024x1024.jpeg 1024w, https:\/\/la-vipere-rose.art\/wp-content\/uploads\/2024\/03\/0F665198-3EAE-40B2-BB5B-15A6842FE92C-300x300.jpeg 300w, https:\/\/la-vipere-rose.art\/wp-content\/uploads\/2024\/03\/0F665198-3EAE-40B2-BB5B-15A6842FE92C-150x150.jpeg 150w, https:\/\/la-vipere-rose.art\/wp-content\/uploads\/2024\/03\/0F665198-3EAE-40B2-BB5B-15A6842FE92C-768x768.jpeg 768w, https:\/\/la-vipere-rose.art\/wp-content\/uploads\/2024\/03\/0F665198-3EAE-40B2-BB5B-15A6842FE92C-100x100.jpeg 100w, https:\/\/la-vipere-rose.art\/wp-content\/uploads\/2024\/03\/0F665198-3EAE-40B2-BB5B-15A6842FE92C.jpeg 1440w\" sizes=\"auto, (max-width: 1024px) 100vw, 1024px\" \/><button\n\t\t\tclass=\"lightbox-trigger\"\n\t\t\ttype=\"button\"\n\t\t\taria-haspopup=\"dialog\"\n\t\t\taria-label=\"Agrandir\"\n\t\t\tdata-wp-init=\"callbacks.initTriggerButton\"\n\t\t\tdata-wp-on--click=\"actions.showLightbox\"\n\t\t\tdata-wp-style--right=\"state.imageButtonRight\"\n\t\t\tdata-wp-style--top=\"state.imageButtonTop\"\n\t\t>\n\t\t\t<svg xmlns=\"http:\/\/www.w3.org\/2000\/svg\" width=\"12\" height=\"12\" fill=\"none\" viewBox=\"0 0 12 12\">\n\t\t\t\t<path fill=\"#fff\" d=\"M2 0a2 2 0 0 0-2 2v2h1.5V2a.5.5 0 0 1 .5-.5h2V0H2Zm2 10.5H2a.5.5 0 0 1-.5-.5V8H0v2a2 2 0 0 0 2 2h2v-1.5ZM8 12v-1.5h2a.5.5 0 0 0 .5-.5V8H12v2a2 2 0 0 1-2 2H8Zm2-12a2 2 0 0 1 2 2v2h-1.5V2a.5.5 0 0 0-.5-.5H8V0h2Z\" \/>\n\t\t\t<\/svg>\n\t\t<\/button><\/figure>\n\n\n\n<figure data-wp-context=\"{&quot;imageId&quot;:&quot;69f5b36b35645&quot;}\" data-wp-interactive=\"core\/image\" data-wp-key=\"69f5b36b35645\" class=\"wp-block-image size-large wp-lightbox-container\"><img loading=\"lazy\" decoding=\"async\" width=\"724\" height=\"1024\" data-wp-class--hide=\"state.isContentHidden\" data-wp-class--show=\"state.isContentVisible\" data-wp-init=\"callbacks.setButtonStyles\" data-wp-on--click=\"actions.showLightbox\" data-wp-on--load=\"callbacks.setButtonStyles\" data-wp-on-window--resize=\"callbacks.setButtonStyles\" data-id=\"271\" src=\"https:\/\/la-vipere-rose.art\/wp-content\/uploads\/2024\/03\/574C2FF3-B760-437C-AFCA-84BBC0308A82-724x1024.jpeg\" alt=\"\" class=\"wp-image-271\" srcset=\"https:\/\/la-vipere-rose.art\/wp-content\/uploads\/2024\/03\/574C2FF3-B760-437C-AFCA-84BBC0308A82-724x1024.jpeg 724w, https:\/\/la-vipere-rose.art\/wp-content\/uploads\/2024\/03\/574C2FF3-B760-437C-AFCA-84BBC0308A82-212x300.jpeg 212w, https:\/\/la-vipere-rose.art\/wp-content\/uploads\/2024\/03\/574C2FF3-B760-437C-AFCA-84BBC0308A82-768x1086.jpeg 768w, https:\/\/la-vipere-rose.art\/wp-content\/uploads\/2024\/03\/574C2FF3-B760-437C-AFCA-84BBC0308A82-1086x1536.jpeg 1086w, https:\/\/la-vipere-rose.art\/wp-content\/uploads\/2024\/03\/574C2FF3-B760-437C-AFCA-84BBC0308A82.jpeg 1448w\" sizes=\"auto, (max-width: 724px) 100vw, 724px\" \/><button\n\t\t\tclass=\"lightbox-trigger\"\n\t\t\ttype=\"button\"\n\t\t\taria-haspopup=\"dialog\"\n\t\t\taria-label=\"Agrandir\"\n\t\t\tdata-wp-init=\"callbacks.initTriggerButton\"\n\t\t\tdata-wp-on--click=\"actions.showLightbox\"\n\t\t\tdata-wp-style--right=\"state.imageButtonRight\"\n\t\t\tdata-wp-style--top=\"state.imageButtonTop\"\n\t\t>\n\t\t\t<svg xmlns=\"http:\/\/www.w3.org\/2000\/svg\" width=\"12\" height=\"12\" fill=\"none\" viewBox=\"0 0 12 12\">\n\t\t\t\t<path fill=\"#fff\" d=\"M2 0a2 2 0 0 0-2 2v2h1.5V2a.5.5 0 0 1 .5-.5h2V0H2Zm2 10.5H2a.5.5 0 0 1-.5-.5V8H0v2a2 2 0 0 0 2 2h2v-1.5ZM8 12v-1.5h2a.5.5 0 0 0 .5-.5V8H12v2a2 2 0 0 1-2 2H8Zm2-12a2 2 0 0 1 2 2v2h-1.5V2a.5.5 0 0 0-.5-.5H8V0h2Z\" \/>\n\t\t\t<\/svg>\n\t\t<\/button><\/figure>\n<\/figure>\n\n\n\n<p><\/p>\n\n\n\n<p class=\"has-text-align-center\">Les \u00ab\u00a0\u00e9critures\u00a0\u00bb que j&rsquo;incorpore \u00e0 mes \u0153uvres ne sont pas des mots au sens conventionnel, mais des symboles. <br>Elles dansent sur la peau de mes client.e.s, tissant des r\u00e9cits sans paroles, des po\u00e8mes \u00e9ph\u00e9m\u00e8res grav\u00e9s dans la chair.<\/p>\n\n\n\n<p class=\"has-text-align-center\">Chaque trait, chaque nuance, raconte une histoire.<\/p>\n\n\n<div class=\"wp-block-image is-style-default\">\n<figure class=\"aligncenter size-large is-resized\"><img loading=\"lazy\" decoding=\"async\" width=\"768\" height=\"1024\" src=\"https:\/\/la-vipere-rose.art\/wp-content\/uploads\/2024\/04\/d63f9b85-1f6f-4c66-8fbf-123c00f0410a-768x1024.jpg\" alt=\"\" class=\"wp-image-335\" style=\"width:293px;height:auto\" srcset=\"https:\/\/la-vipere-rose.art\/wp-content\/uploads\/2024\/04\/d63f9b85-1f6f-4c66-8fbf-123c00f0410a-768x1024.jpg 768w, https:\/\/la-vipere-rose.art\/wp-content\/uploads\/2024\/04\/d63f9b85-1f6f-4c66-8fbf-123c00f0410a-225x300.jpg 225w, https:\/\/la-vipere-rose.art\/wp-content\/uploads\/2024\/04\/d63f9b85-1f6f-4c66-8fbf-123c00f0410a-1152x1536.jpg 1152w, https:\/\/la-vipere-rose.art\/wp-content\/uploads\/2024\/04\/d63f9b85-1f6f-4c66-8fbf-123c00f0410a.jpg 1200w\" sizes=\"auto, (max-width: 768px) 100vw, 768px\" \/><\/figure>\n<\/div>","protected":false},"excerpt":{"rendered":"<p>Hello, moi c&rsquo;est Camilia et je suis tatoueuse depuis 2021 sp\u00e9cialis\u00e9e dans la ligne fine et les aplats de noir et de couleurs. Depuis mon jeune \u00e2ge je suis berc\u00e9e par les arts, mes parents m&rsquo;inscrivent \u00e0 l&rsquo;\u00e9cole des beaux-arts \u00e0 8 ans. Malgr\u00e9 mes passions \u00e9videntes, je choisis un chemin diff\u00e9rent, explorant les langues [&hellip;]<\/p>\n","protected":false},"author":2,"featured_media":0,"parent":2,"menu_order":8,"comment_status":"closed","ping_status":"closed","template":"","meta":{"footnotes":""},"class_list":["post-60","page","type-page","status-publish","hentry"],"_links":{"self":[{"href":"https:\/\/la-vipere-rose.art\/index.php?rest_route=\/wp\/v2\/pages\/60","targetHints":{"allow":["GET"]}}],"collection":[{"href":"https:\/\/la-vipere-rose.art\/index.php?rest_route=\/wp\/v2\/pages"}],"about":[{"href":"https:\/\/la-vipere-rose.art\/index.php?rest_route=\/wp\/v2\/types\/page"}],"author":[{"embeddable":true,"href":"https:\/\/la-vipere-rose.art\/index.php?rest_route=\/wp\/v2\/users\/2"}],"replies":[{"embeddable":true,"href":"https:\/\/la-vipere-rose.art\/index.php?rest_route=%2Fwp%2Fv2%2Fcomments&post=60"}],"version-history":[{"count":13,"href":"https:\/\/la-vipere-rose.art\/index.php?rest_route=\/wp\/v2\/pages\/60\/revisions"}],"predecessor-version":[{"id":592,"href":"https:\/\/la-vipere-rose.art\/index.php?rest_route=\/wp\/v2\/pages\/60\/revisions\/592"}],"up":[{"embeddable":true,"href":"https:\/\/la-vipere-rose.art\/index.php?rest_route=\/wp\/v2\/pages\/2"}],"wp:attachment":[{"href":"https:\/\/la-vipere-rose.art\/index.php?rest_route=%2Fwp%2Fv2%2Fmedia&parent=60"}],"curies":[{"name":"wp","href":"https:\/\/api.w.org\/{rel}","templated":true}]}}