{"id":56,"date":"2024-02-20T11:35:56","date_gmt":"2024-02-20T10:35:56","guid":{"rendered":"https:\/\/la-vipere-rose.art\/?page_id=56"},"modified":"2025-08-09T18:35:23","modified_gmt":"2025-08-09T16:35:23","slug":"dudu-seko","status":"publish","type":"page","link":"https:\/\/la-vipere-rose.art\/?page_id=56","title":{"rendered":"Dudu &#038; Seko"},"content":{"rendered":"<div class=\"wp-block-image is-style-rounded\">\n<figure data-wp-context=\"{&quot;imageId&quot;:&quot;69d5ff0a25211&quot;}\" data-wp-interactive=\"core\/image\" data-wp-key=\"69d5ff0a25211\" class=\"aligncenter size-large is-resized wp-lightbox-container\"><img loading=\"lazy\" decoding=\"async\" width=\"1024\" height=\"1024\" data-wp-class--hide=\"state.isContentHidden\" data-wp-class--show=\"state.isContentVisible\" data-wp-init=\"callbacks.setButtonStyles\" data-wp-on--click=\"actions.showLightbox\" data-wp-on--load=\"callbacks.setButtonStyles\" data-wp-on-window--resize=\"callbacks.setButtonStyles\" src=\"https:\/\/la-vipere-rose.art\/wp-content\/uploads\/2024\/03\/487B76BF-B763-4088-BFC3-E30231C4E6F7-1024x1024.jpeg\" alt=\"\" class=\"wp-image-259\" style=\"width:383px;height:auto\" srcset=\"https:\/\/la-vipere-rose.art\/wp-content\/uploads\/2024\/03\/487B76BF-B763-4088-BFC3-E30231C4E6F7-1024x1024.jpeg 1024w, https:\/\/la-vipere-rose.art\/wp-content\/uploads\/2024\/03\/487B76BF-B763-4088-BFC3-E30231C4E6F7-300x300.jpeg 300w, https:\/\/la-vipere-rose.art\/wp-content\/uploads\/2024\/03\/487B76BF-B763-4088-BFC3-E30231C4E6F7-150x150.jpeg 150w, https:\/\/la-vipere-rose.art\/wp-content\/uploads\/2024\/03\/487B76BF-B763-4088-BFC3-E30231C4E6F7-768x768.jpeg 768w, https:\/\/la-vipere-rose.art\/wp-content\/uploads\/2024\/03\/487B76BF-B763-4088-BFC3-E30231C4E6F7-1536x1536.jpeg 1536w, https:\/\/la-vipere-rose.art\/wp-content\/uploads\/2024\/03\/487B76BF-B763-4088-BFC3-E30231C4E6F7-100x100.jpeg 100w, https:\/\/la-vipere-rose.art\/wp-content\/uploads\/2024\/03\/487B76BF-B763-4088-BFC3-E30231C4E6F7.jpeg 2048w\" sizes=\"auto, (max-width: 1024px) 100vw, 1024px\" \/><button\n\t\t\tclass=\"lightbox-trigger\"\n\t\t\ttype=\"button\"\n\t\t\taria-haspopup=\"dialog\"\n\t\t\taria-label=\"Agrandir\"\n\t\t\tdata-wp-init=\"callbacks.initTriggerButton\"\n\t\t\tdata-wp-on--click=\"actions.showLightbox\"\n\t\t\tdata-wp-style--right=\"state.imageButtonRight\"\n\t\t\tdata-wp-style--top=\"state.imageButtonTop\"\n\t\t>\n\t\t\t<svg xmlns=\"http:\/\/www.w3.org\/2000\/svg\" width=\"12\" height=\"12\" fill=\"none\" viewBox=\"0 0 12 12\">\n\t\t\t\t<path fill=\"#fff\" d=\"M2 0a2 2 0 0 0-2 2v2h1.5V2a.5.5 0 0 1 .5-.5h2V0H2Zm2 10.5H2a.5.5 0 0 1-.5-.5V8H0v2a2 2 0 0 0 2 2h2v-1.5ZM8 12v-1.5h2a.5.5 0 0 0 .5-.5V8H12v2a2 2 0 0 1-2 2H8Zm2-12a2 2 0 0 1 2 2v2h-1.5V2a.5.5 0 0 0-.5-.5H8V0h2Z\" \/>\n\t\t\t<\/svg>\n\t\t<\/button><\/figure>\n<\/div>\n\n\n<p class=\"has-text-align-center\">Je m&rsquo;appelle Tifany, et Dudu &amp; Seko n\u2019est bien qu&rsquo;une seule et m\u00eame personne; J&rsquo;ai choisi ce nom de tatoueuse en souvenir de mes amis imaginaires quand j&rsquo;\u00e9tais petite.<\/p>\n\n\n\n<figure class=\"wp-block-gallery has-nested-images columns-default is-cropped wp-block-gallery-1 is-layout-flex wp-block-gallery-is-layout-flex\">\n<figure data-wp-context=\"{&quot;imageId&quot;:&quot;69d5ff0a25828&quot;}\" data-wp-interactive=\"core\/image\" data-wp-key=\"69d5ff0a25828\" class=\"wp-block-image size-large wp-lightbox-container\"><img loading=\"lazy\" decoding=\"async\" width=\"932\" height=\"1024\" data-wp-class--hide=\"state.isContentHidden\" data-wp-class--show=\"state.isContentVisible\" data-wp-init=\"callbacks.setButtonStyles\" data-wp-on--click=\"actions.showLightbox\" data-wp-on--load=\"callbacks.setButtonStyles\" data-wp-on-window--resize=\"callbacks.setButtonStyles\" data-id=\"260\" src=\"https:\/\/la-vipere-rose.art\/wp-content\/uploads\/2024\/03\/3BB0E561-5137-4782-BF0B-258F7B8D3A15-932x1024.jpeg\" alt=\"\" class=\"wp-image-260\" srcset=\"https:\/\/la-vipere-rose.art\/wp-content\/uploads\/2024\/03\/3BB0E561-5137-4782-BF0B-258F7B8D3A15-932x1024.jpeg 932w, https:\/\/la-vipere-rose.art\/wp-content\/uploads\/2024\/03\/3BB0E561-5137-4782-BF0B-258F7B8D3A15-273x300.jpeg 273w, https:\/\/la-vipere-rose.art\/wp-content\/uploads\/2024\/03\/3BB0E561-5137-4782-BF0B-258F7B8D3A15-768x843.jpeg 768w, https:\/\/la-vipere-rose.art\/wp-content\/uploads\/2024\/03\/3BB0E561-5137-4782-BF0B-258F7B8D3A15-1399x1536.jpeg 1399w, https:\/\/la-vipere-rose.art\/wp-content\/uploads\/2024\/03\/3BB0E561-5137-4782-BF0B-258F7B8D3A15.jpeg 1475w\" sizes=\"auto, (max-width: 932px) 100vw, 932px\" \/><button\n\t\t\tclass=\"lightbox-trigger\"\n\t\t\ttype=\"button\"\n\t\t\taria-haspopup=\"dialog\"\n\t\t\taria-label=\"Agrandir\"\n\t\t\tdata-wp-init=\"callbacks.initTriggerButton\"\n\t\t\tdata-wp-on--click=\"actions.showLightbox\"\n\t\t\tdata-wp-style--right=\"state.imageButtonRight\"\n\t\t\tdata-wp-style--top=\"state.imageButtonTop\"\n\t\t>\n\t\t\t<svg xmlns=\"http:\/\/www.w3.org\/2000\/svg\" width=\"12\" height=\"12\" fill=\"none\" viewBox=\"0 0 12 12\">\n\t\t\t\t<path fill=\"#fff\" d=\"M2 0a2 2 0 0 0-2 2v2h1.5V2a.5.5 0 0 1 .5-.5h2V0H2Zm2 10.5H2a.5.5 0 0 1-.5-.5V8H0v2a2 2 0 0 0 2 2h2v-1.5ZM8 12v-1.5h2a.5.5 0 0 0 .5-.5V8H12v2a2 2 0 0 1-2 2H8Zm2-12a2 2 0 0 1 2 2v2h-1.5V2a.5.5 0 0 0-.5-.5H8V0h2Z\" \/>\n\t\t\t<\/svg>\n\t\t<\/button><\/figure>\n\n\n\n<figure data-wp-context=\"{&quot;imageId&quot;:&quot;69d5ff0a25d5a&quot;}\" data-wp-interactive=\"core\/image\" data-wp-key=\"69d5ff0a25d5a\" class=\"wp-block-image size-large wp-lightbox-container\"><img loading=\"lazy\" decoding=\"async\" width=\"768\" height=\"1024\" data-wp-class--hide=\"state.isContentHidden\" data-wp-class--show=\"state.isContentVisible\" data-wp-init=\"callbacks.setButtonStyles\" data-wp-on--click=\"actions.showLightbox\" data-wp-on--load=\"callbacks.setButtonStyles\" data-wp-on-window--resize=\"callbacks.setButtonStyles\" data-id=\"261\" src=\"https:\/\/la-vipere-rose.art\/wp-content\/uploads\/2024\/03\/E8E61014-BA20-4DEF-926C-36FF22D654E2-768x1024.jpeg\" alt=\"\" class=\"wp-image-261\" srcset=\"https:\/\/la-vipere-rose.art\/wp-content\/uploads\/2024\/03\/E8E61014-BA20-4DEF-926C-36FF22D654E2-768x1024.jpeg 768w, https:\/\/la-vipere-rose.art\/wp-content\/uploads\/2024\/03\/E8E61014-BA20-4DEF-926C-36FF22D654E2-225x300.jpeg 225w, https:\/\/la-vipere-rose.art\/wp-content\/uploads\/2024\/03\/E8E61014-BA20-4DEF-926C-36FF22D654E2-1152x1536.jpeg 1152w, https:\/\/la-vipere-rose.art\/wp-content\/uploads\/2024\/03\/E8E61014-BA20-4DEF-926C-36FF22D654E2-1536x2048.jpeg 1536w, https:\/\/la-vipere-rose.art\/wp-content\/uploads\/2024\/03\/E8E61014-BA20-4DEF-926C-36FF22D654E2-scaled.jpeg 1920w\" sizes=\"auto, (max-width: 768px) 100vw, 768px\" \/><button\n\t\t\tclass=\"lightbox-trigger\"\n\t\t\ttype=\"button\"\n\t\t\taria-haspopup=\"dialog\"\n\t\t\taria-label=\"Agrandir\"\n\t\t\tdata-wp-init=\"callbacks.initTriggerButton\"\n\t\t\tdata-wp-on--click=\"actions.showLightbox\"\n\t\t\tdata-wp-style--right=\"state.imageButtonRight\"\n\t\t\tdata-wp-style--top=\"state.imageButtonTop\"\n\t\t>\n\t\t\t<svg xmlns=\"http:\/\/www.w3.org\/2000\/svg\" width=\"12\" height=\"12\" fill=\"none\" viewBox=\"0 0 12 12\">\n\t\t\t\t<path fill=\"#fff\" d=\"M2 0a2 2 0 0 0-2 2v2h1.5V2a.5.5 0 0 1 .5-.5h2V0H2Zm2 10.5H2a.5.5 0 0 1-.5-.5V8H0v2a2 2 0 0 0 2 2h2v-1.5ZM8 12v-1.5h2a.5.5 0 0 0 .5-.5V8H12v2a2 2 0 0 1-2 2H8Zm2-12a2 2 0 0 1 2 2v2h-1.5V2a.5.5 0 0 0-.5-.5H8V0h2Z\" \/>\n\t\t\t<\/svg>\n\t\t<\/button><\/figure>\n<\/figure>\n\n\n\n<p class=\"has-text-align-center\"><br>Apr\u00e8s des \u00e9tudes d&rsquo;art et une carri\u00e8re dans la cr\u00e9ation textile, je trouve dans le tatouage une mani\u00e8re de renouer avec le dessin que j&rsquo;avais laiss\u00e9 de c\u00f4t\u00e9 pendant trop d&rsquo;ann\u00e9es. <br>Mon style est \u00e0 la fois na\u00eff et po\u00e9tique et mes dessins sont charg\u00e9s de symboles et empreints de valeurs f\u00e9ministes. J&rsquo;aime travailler les lignes, les petits motifs et aplats noirs. J&rsquo;int\u00e8gre parfois des petites touches de couleurs.<\/p>\n\n\n\n<figure class=\"wp-block-gallery has-nested-images columns-default is-cropped wp-block-gallery-2 is-layout-flex wp-block-gallery-is-layout-flex\">\n<figure data-wp-context=\"{&quot;imageId&quot;:&quot;69d5ff0a26567&quot;}\" data-wp-interactive=\"core\/image\" data-wp-key=\"69d5ff0a26567\" class=\"wp-block-image size-large wp-lightbox-container\"><img loading=\"lazy\" decoding=\"async\" width=\"1024\" height=\"1024\" data-wp-class--hide=\"state.isContentHidden\" data-wp-class--show=\"state.isContentVisible\" data-wp-init=\"callbacks.setButtonStyles\" data-wp-on--click=\"actions.showLightbox\" data-wp-on--load=\"callbacks.setButtonStyles\" data-wp-on-window--resize=\"callbacks.setButtonStyles\" data-id=\"263\" src=\"https:\/\/la-vipere-rose.art\/wp-content\/uploads\/2024\/03\/B2A5FB78-12E8-4C04-9C4C-77768D4994F6-1024x1024.jpeg\" alt=\"\" class=\"wp-image-263\" srcset=\"https:\/\/la-vipere-rose.art\/wp-content\/uploads\/2024\/03\/B2A5FB78-12E8-4C04-9C4C-77768D4994F6-1024x1024.jpeg 1024w, https:\/\/la-vipere-rose.art\/wp-content\/uploads\/2024\/03\/B2A5FB78-12E8-4C04-9C4C-77768D4994F6-300x300.jpeg 300w, https:\/\/la-vipere-rose.art\/wp-content\/uploads\/2024\/03\/B2A5FB78-12E8-4C04-9C4C-77768D4994F6-150x150.jpeg 150w, https:\/\/la-vipere-rose.art\/wp-content\/uploads\/2024\/03\/B2A5FB78-12E8-4C04-9C4C-77768D4994F6-768x768.jpeg 768w, https:\/\/la-vipere-rose.art\/wp-content\/uploads\/2024\/03\/B2A5FB78-12E8-4C04-9C4C-77768D4994F6-1536x1536.jpeg 1536w, https:\/\/la-vipere-rose.art\/wp-content\/uploads\/2024\/03\/B2A5FB78-12E8-4C04-9C4C-77768D4994F6-100x100.jpeg 100w, https:\/\/la-vipere-rose.art\/wp-content\/uploads\/2024\/03\/B2A5FB78-12E8-4C04-9C4C-77768D4994F6.jpeg 2048w\" sizes=\"auto, (max-width: 1024px) 100vw, 1024px\" \/><button\n\t\t\tclass=\"lightbox-trigger\"\n\t\t\ttype=\"button\"\n\t\t\taria-haspopup=\"dialog\"\n\t\t\taria-label=\"Agrandir\"\n\t\t\tdata-wp-init=\"callbacks.initTriggerButton\"\n\t\t\tdata-wp-on--click=\"actions.showLightbox\"\n\t\t\tdata-wp-style--right=\"state.imageButtonRight\"\n\t\t\tdata-wp-style--top=\"state.imageButtonTop\"\n\t\t>\n\t\t\t<svg xmlns=\"http:\/\/www.w3.org\/2000\/svg\" width=\"12\" height=\"12\" fill=\"none\" viewBox=\"0 0 12 12\">\n\t\t\t\t<path fill=\"#fff\" d=\"M2 0a2 2 0 0 0-2 2v2h1.5V2a.5.5 0 0 1 .5-.5h2V0H2Zm2 10.5H2a.5.5 0 0 1-.5-.5V8H0v2a2 2 0 0 0 2 2h2v-1.5ZM8 12v-1.5h2a.5.5 0 0 0 .5-.5V8H12v2a2 2 0 0 1-2 2H8Zm2-12a2 2 0 0 1 2 2v2h-1.5V2a.5.5 0 0 0-.5-.5H8V0h2Z\" \/>\n\t\t\t<\/svg>\n\t\t<\/button><\/figure>\n\n\n\n<figure data-wp-context=\"{&quot;imageId&quot;:&quot;69d5ff0a26b32&quot;}\" data-wp-interactive=\"core\/image\" data-wp-key=\"69d5ff0a26b32\" class=\"wp-block-image size-large wp-lightbox-container\"><img loading=\"lazy\" decoding=\"async\" width=\"1024\" height=\"1024\" data-wp-class--hide=\"state.isContentHidden\" data-wp-class--show=\"state.isContentVisible\" data-wp-init=\"callbacks.setButtonStyles\" data-wp-on--click=\"actions.showLightbox\" data-wp-on--load=\"callbacks.setButtonStyles\" data-wp-on-window--resize=\"callbacks.setButtonStyles\" data-id=\"262\" src=\"https:\/\/la-vipere-rose.art\/wp-content\/uploads\/2024\/03\/D6D6B2BB-75E5-4BF2-A86C-684DC51FD135-1024x1024.jpeg\" alt=\"\" class=\"wp-image-262\" srcset=\"https:\/\/la-vipere-rose.art\/wp-content\/uploads\/2024\/03\/D6D6B2BB-75E5-4BF2-A86C-684DC51FD135-1024x1024.jpeg 1024w, https:\/\/la-vipere-rose.art\/wp-content\/uploads\/2024\/03\/D6D6B2BB-75E5-4BF2-A86C-684DC51FD135-300x300.jpeg 300w, https:\/\/la-vipere-rose.art\/wp-content\/uploads\/2024\/03\/D6D6B2BB-75E5-4BF2-A86C-684DC51FD135-150x150.jpeg 150w, https:\/\/la-vipere-rose.art\/wp-content\/uploads\/2024\/03\/D6D6B2BB-75E5-4BF2-A86C-684DC51FD135-768x768.jpeg 768w, https:\/\/la-vipere-rose.art\/wp-content\/uploads\/2024\/03\/D6D6B2BB-75E5-4BF2-A86C-684DC51FD135-1536x1536.jpeg 1536w, https:\/\/la-vipere-rose.art\/wp-content\/uploads\/2024\/03\/D6D6B2BB-75E5-4BF2-A86C-684DC51FD135-100x100.jpeg 100w, https:\/\/la-vipere-rose.art\/wp-content\/uploads\/2024\/03\/D6D6B2BB-75E5-4BF2-A86C-684DC51FD135.jpeg 2048w\" sizes=\"auto, (max-width: 1024px) 100vw, 1024px\" \/><button\n\t\t\tclass=\"lightbox-trigger\"\n\t\t\ttype=\"button\"\n\t\t\taria-haspopup=\"dialog\"\n\t\t\taria-label=\"Agrandir\"\n\t\t\tdata-wp-init=\"callbacks.initTriggerButton\"\n\t\t\tdata-wp-on--click=\"actions.showLightbox\"\n\t\t\tdata-wp-style--right=\"state.imageButtonRight\"\n\t\t\tdata-wp-style--top=\"state.imageButtonTop\"\n\t\t>\n\t\t\t<svg xmlns=\"http:\/\/www.w3.org\/2000\/svg\" width=\"12\" height=\"12\" fill=\"none\" viewBox=\"0 0 12 12\">\n\t\t\t\t<path fill=\"#fff\" d=\"M2 0a2 2 0 0 0-2 2v2h1.5V2a.5.5 0 0 1 .5-.5h2V0H2Zm2 10.5H2a.5.5 0 0 1-.5-.5V8H0v2a2 2 0 0 0 2 2h2v-1.5ZM8 12v-1.5h2a.5.5 0 0 0 .5-.5V8H12v2a2 2 0 0 1-2 2H8Zm2-12a2 2 0 0 1 2 2v2h-1.5V2a.5.5 0 0 0-.5-.5H8V0h2Z\" \/>\n\t\t\t<\/svg>\n\t\t<\/button><\/figure>\n<\/figure>\n\n\n\n<p class=\"has-text-align-center\"><br>Je pratique le handpoke, technique de tatouage sans machine qui est moins invasive pour la peau (tout est fait \u00e0 l&rsquo;aiguille point par point). <br>C\u2019est une technique que j&rsquo;appr\u00e9cie de par sa lenteur, le fait qu\u2019elle soit moins bruyante et qu&rsquo;elle cr\u00e9e une atmosph\u00e8re plus douce. <br><\/p>\n\n\n<div class=\"wp-block-image\">\n<figure data-wp-context=\"{&quot;imageId&quot;:&quot;69d5ff0a27174&quot;}\" data-wp-interactive=\"core\/image\" data-wp-key=\"69d5ff0a27174\" class=\"aligncenter size-large is-resized wp-lightbox-container\"><img loading=\"lazy\" decoding=\"async\" width=\"2560\" height=\"2560\" data-wp-class--hide=\"state.isContentHidden\" data-wp-class--show=\"state.isContentVisible\" data-wp-init=\"callbacks.setButtonStyles\" data-wp-on--click=\"actions.showLightbox\" data-wp-on--load=\"callbacks.setButtonStyles\" data-wp-on-window--resize=\"callbacks.setButtonStyles\" src=\"https:\/\/la-vipere-rose.art\/wp-content\/uploads\/2024\/03\/902E3655-0B3C-4478-878E-424595C5C7B7-edited-scaled.jpeg\" alt=\"\" class=\"wp-image-258\" style=\"width:356px;height:auto\" srcset=\"https:\/\/la-vipere-rose.art\/wp-content\/uploads\/2024\/03\/902E3655-0B3C-4478-878E-424595C5C7B7-edited-scaled.jpeg 2560w, https:\/\/la-vipere-rose.art\/wp-content\/uploads\/2024\/03\/902E3655-0B3C-4478-878E-424595C5C7B7-edited-300x300.jpeg 300w, https:\/\/la-vipere-rose.art\/wp-content\/uploads\/2024\/03\/902E3655-0B3C-4478-878E-424595C5C7B7-edited-1024x1024.jpeg 1024w, https:\/\/la-vipere-rose.art\/wp-content\/uploads\/2024\/03\/902E3655-0B3C-4478-878E-424595C5C7B7-edited-150x150.jpeg 150w, https:\/\/la-vipere-rose.art\/wp-content\/uploads\/2024\/03\/902E3655-0B3C-4478-878E-424595C5C7B7-edited-768x768.jpeg 768w, https:\/\/la-vipere-rose.art\/wp-content\/uploads\/2024\/03\/902E3655-0B3C-4478-878E-424595C5C7B7-edited-1536x1536.jpeg 1536w, https:\/\/la-vipere-rose.art\/wp-content\/uploads\/2024\/03\/902E3655-0B3C-4478-878E-424595C5C7B7-edited-2048x2048.jpeg 2048w, https:\/\/la-vipere-rose.art\/wp-content\/uploads\/2024\/03\/902E3655-0B3C-4478-878E-424595C5C7B7-edited-100x100.jpeg 100w\" sizes=\"auto, (max-width: 2560px) 100vw, 2560px\" \/><button\n\t\t\tclass=\"lightbox-trigger\"\n\t\t\ttype=\"button\"\n\t\t\taria-haspopup=\"dialog\"\n\t\t\taria-label=\"Agrandir\"\n\t\t\tdata-wp-init=\"callbacks.initTriggerButton\"\n\t\t\tdata-wp-on--click=\"actions.showLightbox\"\n\t\t\tdata-wp-style--right=\"state.imageButtonRight\"\n\t\t\tdata-wp-style--top=\"state.imageButtonTop\"\n\t\t>\n\t\t\t<svg xmlns=\"http:\/\/www.w3.org\/2000\/svg\" width=\"12\" height=\"12\" fill=\"none\" viewBox=\"0 0 12 12\">\n\t\t\t\t<path fill=\"#fff\" d=\"M2 0a2 2 0 0 0-2 2v2h1.5V2a.5.5 0 0 1 .5-.5h2V0H2Zm2 10.5H2a.5.5 0 0 1-.5-.5V8H0v2a2 2 0 0 0 2 2h2v-1.5ZM8 12v-1.5h2a.5.5 0 0 0 .5-.5V8H12v2a2 2 0 0 1-2 2H8Zm2-12a2 2 0 0 1 2 2v2h-1.5V2a.5.5 0 0 0-.5-.5H8V0h2Z\" \/>\n\t\t\t<\/svg>\n\t\t<\/button><\/figure>\n<\/div>","protected":false},"excerpt":{"rendered":"<p>Je m&rsquo;appelle Tifany, et Dudu &amp; Seko n\u2019est bien qu&rsquo;une seule et m\u00eame personne; J&rsquo;ai choisi ce nom de tatoueuse en souvenir de mes amis imaginaires quand j&rsquo;\u00e9tais petite. Apr\u00e8s des \u00e9tudes d&rsquo;art et une carri\u00e8re dans la cr\u00e9ation textile, je trouve dans le tatouage une mani\u00e8re de renouer avec le dessin que j&rsquo;avais laiss\u00e9 [&hellip;]<\/p>\n","protected":false},"author":2,"featured_media":0,"parent":2,"menu_order":3,"comment_status":"closed","ping_status":"closed","template":"","meta":{"footnotes":""},"class_list":["post-56","page","type-page","status-publish","hentry"],"_links":{"self":[{"href":"https:\/\/la-vipere-rose.art\/index.php?rest_route=\/wp\/v2\/pages\/56","targetHints":{"allow":["GET"]}}],"collection":[{"href":"https:\/\/la-vipere-rose.art\/index.php?rest_route=\/wp\/v2\/pages"}],"about":[{"href":"https:\/\/la-vipere-rose.art\/index.php?rest_route=\/wp\/v2\/types\/page"}],"author":[{"embeddable":true,"href":"https:\/\/la-vipere-rose.art\/index.php?rest_route=\/wp\/v2\/users\/2"}],"replies":[{"embeddable":true,"href":"https:\/\/la-vipere-rose.art\/index.php?rest_route=%2Fwp%2Fv2%2Fcomments&post=56"}],"version-history":[{"count":8,"href":"https:\/\/la-vipere-rose.art\/index.php?rest_route=\/wp\/v2\/pages\/56\/revisions"}],"predecessor-version":[{"id":586,"href":"https:\/\/la-vipere-rose.art\/index.php?rest_route=\/wp\/v2\/pages\/56\/revisions\/586"}],"up":[{"embeddable":true,"href":"https:\/\/la-vipere-rose.art\/index.php?rest_route=\/wp\/v2\/pages\/2"}],"wp:attachment":[{"href":"https:\/\/la-vipere-rose.art\/index.php?rest_route=%2Fwp%2Fv2%2Fmedia&parent=56"}],"curies":[{"name":"wp","href":"https:\/\/api.w.org\/{rel}","templated":true}]}}