{"id":403,"date":"2024-09-17T12:33:40","date_gmt":"2024-09-17T10:33:40","guid":{"rendered":"https:\/\/la-vipere-rose.art\/?page_id=403"},"modified":"2025-08-09T18:36:01","modified_gmt":"2025-08-09T16:36:01","slug":"emeline-bertinelli","status":"publish","type":"page","link":"https:\/\/la-vipere-rose.art\/?page_id=403","title":{"rendered":"Emeline Bertinelli"},"content":{"rendered":"<div class=\"wp-block-image is-style-default\">\n<figure class=\"aligncenter size-large is-resized\"><img loading=\"lazy\" decoding=\"async\" width=\"1024\" height=\"1024\" src=\"https:\/\/la-vipere-rose.art\/wp-content\/uploads\/2024\/09\/WhatsApp-Image-2024-09-01-at-15.30.21-1024x1024.jpeg\" alt=\"\" class=\"wp-image-404\" style=\"width:365px;height:auto\" srcset=\"https:\/\/la-vipere-rose.art\/wp-content\/uploads\/2024\/09\/WhatsApp-Image-2024-09-01-at-15.30.21-1024x1024.jpeg 1024w, https:\/\/la-vipere-rose.art\/wp-content\/uploads\/2024\/09\/WhatsApp-Image-2024-09-01-at-15.30.21-300x300.jpeg 300w, https:\/\/la-vipere-rose.art\/wp-content\/uploads\/2024\/09\/WhatsApp-Image-2024-09-01-at-15.30.21-150x150.jpeg 150w, https:\/\/la-vipere-rose.art\/wp-content\/uploads\/2024\/09\/WhatsApp-Image-2024-09-01-at-15.30.21-768x768.jpeg 768w, https:\/\/la-vipere-rose.art\/wp-content\/uploads\/2024\/09\/WhatsApp-Image-2024-09-01-at-15.30.21-100x100.jpeg 100w, https:\/\/la-vipere-rose.art\/wp-content\/uploads\/2024\/09\/WhatsApp-Image-2024-09-01-at-15.30.21.jpeg 1232w\" sizes=\"auto, (max-width: 1024px) 100vw, 1024px\" \/><\/figure>\n<\/div>\n\n\n<p class=\"has-text-align-center\">Hello, je m\u2019appelle Emeline et dans la vie j\u2019aime me fier \u00e0 mes \u00e9motions et mon instinct. C\u2019est ce que j\u2019essaye de retranscrire \u00e0 travers mes tattoos na\u00effs et minimalistes. C\u2019est comme \u00e7a que je m\u2019exprime en clair. <\/p>\n\n\n\n<figure class=\"wp-block-gallery has-nested-images columns-default is-cropped wp-block-gallery-1 is-layout-flex wp-block-gallery-is-layout-flex\">\n<figure class=\"wp-block-image size-large\"><img loading=\"lazy\" decoding=\"async\" width=\"1024\" height=\"1024\" data-id=\"405\" src=\"https:\/\/la-vipere-rose.art\/wp-content\/uploads\/2024\/09\/WhatsApp-Image-2024-09-01-at-15.38.22-1024x1024.jpeg\" alt=\"\" class=\"wp-image-405\" srcset=\"https:\/\/la-vipere-rose.art\/wp-content\/uploads\/2024\/09\/WhatsApp-Image-2024-09-01-at-15.38.22-1024x1024.jpeg 1024w, https:\/\/la-vipere-rose.art\/wp-content\/uploads\/2024\/09\/WhatsApp-Image-2024-09-01-at-15.38.22-300x300.jpeg 300w, https:\/\/la-vipere-rose.art\/wp-content\/uploads\/2024\/09\/WhatsApp-Image-2024-09-01-at-15.38.22-150x150.jpeg 150w, https:\/\/la-vipere-rose.art\/wp-content\/uploads\/2024\/09\/WhatsApp-Image-2024-09-01-at-15.38.22-768x768.jpeg 768w, https:\/\/la-vipere-rose.art\/wp-content\/uploads\/2024\/09\/WhatsApp-Image-2024-09-01-at-15.38.22-100x100.jpeg 100w, https:\/\/la-vipere-rose.art\/wp-content\/uploads\/2024\/09\/WhatsApp-Image-2024-09-01-at-15.38.22.jpeg 1030w\" sizes=\"auto, (max-width: 1024px) 100vw, 1024px\" \/><\/figure>\n\n\n\n<figure class=\"wp-block-image size-large\"><img loading=\"lazy\" decoding=\"async\" width=\"1024\" height=\"1024\" data-id=\"406\" src=\"https:\/\/la-vipere-rose.art\/wp-content\/uploads\/2024\/09\/WhatsApp-Image-2024-09-01-at-15.38.23-1024x1024.jpeg\" alt=\"\" class=\"wp-image-406\" srcset=\"https:\/\/la-vipere-rose.art\/wp-content\/uploads\/2024\/09\/WhatsApp-Image-2024-09-01-at-15.38.23-1024x1024.jpeg 1024w, https:\/\/la-vipere-rose.art\/wp-content\/uploads\/2024\/09\/WhatsApp-Image-2024-09-01-at-15.38.23-300x300.jpeg 300w, https:\/\/la-vipere-rose.art\/wp-content\/uploads\/2024\/09\/WhatsApp-Image-2024-09-01-at-15.38.23-150x150.jpeg 150w, https:\/\/la-vipere-rose.art\/wp-content\/uploads\/2024\/09\/WhatsApp-Image-2024-09-01-at-15.38.23-768x768.jpeg 768w, https:\/\/la-vipere-rose.art\/wp-content\/uploads\/2024\/09\/WhatsApp-Image-2024-09-01-at-15.38.23-100x100.jpeg 100w, https:\/\/la-vipere-rose.art\/wp-content\/uploads\/2024\/09\/WhatsApp-Image-2024-09-01-at-15.38.23.jpeg 1520w\" sizes=\"auto, (max-width: 1024px) 100vw, 1024px\" \/><\/figure>\n\n\n\n<figure class=\"wp-block-image size-large\"><img loading=\"lazy\" decoding=\"async\" width=\"1024\" height=\"1024\" data-id=\"407\" src=\"https:\/\/la-vipere-rose.art\/wp-content\/uploads\/2024\/09\/WhatsApp-Image-2024-09-01-at-15.38.24-1024x1024.jpeg\" alt=\"\" class=\"wp-image-407\" srcset=\"https:\/\/la-vipere-rose.art\/wp-content\/uploads\/2024\/09\/WhatsApp-Image-2024-09-01-at-15.38.24-1024x1024.jpeg 1024w, https:\/\/la-vipere-rose.art\/wp-content\/uploads\/2024\/09\/WhatsApp-Image-2024-09-01-at-15.38.24-300x300.jpeg 300w, https:\/\/la-vipere-rose.art\/wp-content\/uploads\/2024\/09\/WhatsApp-Image-2024-09-01-at-15.38.24-150x150.jpeg 150w, https:\/\/la-vipere-rose.art\/wp-content\/uploads\/2024\/09\/WhatsApp-Image-2024-09-01-at-15.38.24-768x768.jpeg 768w, https:\/\/la-vipere-rose.art\/wp-content\/uploads\/2024\/09\/WhatsApp-Image-2024-09-01-at-15.38.24-1536x1536.jpeg 1536w, https:\/\/la-vipere-rose.art\/wp-content\/uploads\/2024\/09\/WhatsApp-Image-2024-09-01-at-15.38.24-100x100.jpeg 100w, https:\/\/la-vipere-rose.art\/wp-content\/uploads\/2024\/09\/WhatsApp-Image-2024-09-01-at-15.38.24.jpeg 2048w\" sizes=\"auto, (max-width: 1024px) 100vw, 1024px\" \/><\/figure>\n<\/figure>\n\n\n\n<p class=\"has-text-align-center\">Je suis une \u00e2me agit\u00e9e, vivante, gourmande, aimante et questionnante. Une humaine complexe. Comme toi. Je tatoue \u00e0 la machine depuis juin 2023 et j\u2019ai h\u00e2te d\u2019encrer vos jolies peaux \ud83c\udf1e\ud83c\udf08<\/p>\n\n\n\n<figure class=\"wp-block-gallery has-nested-images columns-default is-cropped wp-block-gallery-2 is-layout-flex wp-block-gallery-is-layout-flex\">\n<figure class=\"wp-block-image size-large\"><img loading=\"lazy\" decoding=\"async\" width=\"1024\" height=\"1024\" data-id=\"408\" src=\"https:\/\/la-vipere-rose.art\/wp-content\/uploads\/2024\/09\/WhatsApp-Image-2024-09-01-at-15.30.22-1-1024x1024.jpeg\" alt=\"\" class=\"wp-image-408\" srcset=\"https:\/\/la-vipere-rose.art\/wp-content\/uploads\/2024\/09\/WhatsApp-Image-2024-09-01-at-15.30.22-1-1024x1024.jpeg 1024w, https:\/\/la-vipere-rose.art\/wp-content\/uploads\/2024\/09\/WhatsApp-Image-2024-09-01-at-15.30.22-1-300x300.jpeg 300w, https:\/\/la-vipere-rose.art\/wp-content\/uploads\/2024\/09\/WhatsApp-Image-2024-09-01-at-15.30.22-1-150x150.jpeg 150w, https:\/\/la-vipere-rose.art\/wp-content\/uploads\/2024\/09\/WhatsApp-Image-2024-09-01-at-15.30.22-1-768x768.jpeg 768w, https:\/\/la-vipere-rose.art\/wp-content\/uploads\/2024\/09\/WhatsApp-Image-2024-09-01-at-15.30.22-1-100x100.jpeg 100w, https:\/\/la-vipere-rose.art\/wp-content\/uploads\/2024\/09\/WhatsApp-Image-2024-09-01-at-15.30.22-1.jpeg 1080w\" sizes=\"auto, (max-width: 1024px) 100vw, 1024px\" \/><\/figure>\n\n\n\n<figure class=\"wp-block-image size-large\"><img loading=\"lazy\" decoding=\"async\" width=\"1024\" height=\"1024\" data-id=\"410\" src=\"https:\/\/la-vipere-rose.art\/wp-content\/uploads\/2024\/09\/WhatsApp-Image-2024-09-01-at-15.30.21-1-1024x1024.jpeg\" alt=\"\" class=\"wp-image-410\" srcset=\"https:\/\/la-vipere-rose.art\/wp-content\/uploads\/2024\/09\/WhatsApp-Image-2024-09-01-at-15.30.21-1-1024x1024.jpeg 1024w, https:\/\/la-vipere-rose.art\/wp-content\/uploads\/2024\/09\/WhatsApp-Image-2024-09-01-at-15.30.21-1-300x300.jpeg 300w, https:\/\/la-vipere-rose.art\/wp-content\/uploads\/2024\/09\/WhatsApp-Image-2024-09-01-at-15.30.21-1-150x150.jpeg 150w, https:\/\/la-vipere-rose.art\/wp-content\/uploads\/2024\/09\/WhatsApp-Image-2024-09-01-at-15.30.21-1-768x768.jpeg 768w, https:\/\/la-vipere-rose.art\/wp-content\/uploads\/2024\/09\/WhatsApp-Image-2024-09-01-at-15.30.21-1-100x100.jpeg 100w, https:\/\/la-vipere-rose.art\/wp-content\/uploads\/2024\/09\/WhatsApp-Image-2024-09-01-at-15.30.21-1.jpeg 1080w\" sizes=\"auto, (max-width: 1024px) 100vw, 1024px\" \/><\/figure>\n\n\n\n<figure class=\"wp-block-image size-large\"><img loading=\"lazy\" decoding=\"async\" width=\"1024\" height=\"1024\" data-id=\"409\" src=\"https:\/\/la-vipere-rose.art\/wp-content\/uploads\/2024\/09\/WhatsApp-Image-2024-09-01-at-15.30.22-1024x1024.jpeg\" alt=\"\" class=\"wp-image-409\" srcset=\"https:\/\/la-vipere-rose.art\/wp-content\/uploads\/2024\/09\/WhatsApp-Image-2024-09-01-at-15.30.22-1024x1024.jpeg 1024w, https:\/\/la-vipere-rose.art\/wp-content\/uploads\/2024\/09\/WhatsApp-Image-2024-09-01-at-15.30.22-300x300.jpeg 300w, https:\/\/la-vipere-rose.art\/wp-content\/uploads\/2024\/09\/WhatsApp-Image-2024-09-01-at-15.30.22-150x150.jpeg 150w, https:\/\/la-vipere-rose.art\/wp-content\/uploads\/2024\/09\/WhatsApp-Image-2024-09-01-at-15.30.22-768x768.jpeg 768w, https:\/\/la-vipere-rose.art\/wp-content\/uploads\/2024\/09\/WhatsApp-Image-2024-09-01-at-15.30.22-100x100.jpeg 100w, https:\/\/la-vipere-rose.art\/wp-content\/uploads\/2024\/09\/WhatsApp-Image-2024-09-01-at-15.30.22.jpeg 1080w\" sizes=\"auto, (max-width: 1024px) 100vw, 1024px\" \/><\/figure>\n<\/figure>\n","protected":false},"excerpt":{"rendered":"<p>Hello, je m\u2019appelle Emeline et dans la vie j\u2019aime me fier \u00e0 mes \u00e9motions et mon instinct. C\u2019est ce que j\u2019essaye de retranscrire \u00e0 travers mes tattoos na\u00effs et minimalistes. C\u2019est comme \u00e7a que je m\u2019exprime en clair. Je suis une \u00e2me agit\u00e9e, vivante, gourmande, aimante et questionnante. Une humaine complexe. Comme toi. Je tatoue [&hellip;]<\/p>\n","protected":false},"author":2,"featured_media":0,"parent":2,"menu_order":4,"comment_status":"closed","ping_status":"closed","template":"","meta":{"footnotes":""},"class_list":["post-403","page","type-page","status-publish","hentry"],"_links":{"self":[{"href":"https:\/\/la-vipere-rose.art\/index.php?rest_route=\/wp\/v2\/pages\/403","targetHints":{"allow":["GET"]}}],"collection":[{"href":"https:\/\/la-vipere-rose.art\/index.php?rest_route=\/wp\/v2\/pages"}],"about":[{"href":"https:\/\/la-vipere-rose.art\/index.php?rest_route=\/wp\/v2\/types\/page"}],"author":[{"embeddable":true,"href":"https:\/\/la-vipere-rose.art\/index.php?rest_route=\/wp\/v2\/users\/2"}],"replies":[{"embeddable":true,"href":"https:\/\/la-vipere-rose.art\/index.php?rest_route=%2Fwp%2Fv2%2Fcomments&post=403"}],"version-history":[{"count":2,"href":"https:\/\/la-vipere-rose.art\/index.php?rest_route=\/wp\/v2\/pages\/403\/revisions"}],"predecessor-version":[{"id":587,"href":"https:\/\/la-vipere-rose.art\/index.php?rest_route=\/wp\/v2\/pages\/403\/revisions\/587"}],"up":[{"embeddable":true,"href":"https:\/\/la-vipere-rose.art\/index.php?rest_route=\/wp\/v2\/pages\/2"}],"wp:attachment":[{"href":"https:\/\/la-vipere-rose.art\/index.php?rest_route=%2Fwp%2Fv2%2Fmedia&parent=403"}],"curies":[{"name":"wp","href":"https:\/\/api.w.org\/{rel}","templated":true}]}}